e?
True
Let l(z) = -2*z + 1. Let r be l(-2). Suppose -4*j + 2192 = -r*p, 2192 = 4*j - 0*p - 2*p. Suppose j = 4*o - 80. Is o a composite number?
False
Suppose 2*d + 64*p = 68*p + 25014, 2*d - 24999 = p. Is d a prime number?
True
Suppose t - 5*t = -16. Suppose -491 - 833 = -t*i. Is i prime?
True
Suppose -2905 = -5*s + 5*h, 2*s - 4*h = -s + 1744. Let q(w) = -w**2 + 10*w + 3. Let d be q(11). Is d/(-28) - s/(-28) prime?
False
Let c be 35719/(-7) - 6/21. Let r = -1610 - c. Is r prime?
False
Suppose 86 = -4*z - q, -z - 3*q - 27 = -0*z. Let x = 126 + z. Let t = 498 - x. Is t a prime number?
False
Let v(y) = -y + 2. Let n be v(5). Let g = n + 8. Is (1 - 2) + 18 + g prime?
False
Let d(c) = 350*c**2 - 3*c + 1. Let h be d(-3). Let f = 5083 - h. Is f a composite number?
True
Let o(t) = 3*t**3 + 20*t**2 + 91*t - 41. Is o(20) a composite number?
True
Is (-14 - 424/(-30)) + (-902713)/(-15) composite?
True
Suppose 25 = 5*h + 2*s, -2*h + 4*s = 14 - 0. Suppose 3*p = m - 4 + 8, -6 = -h*m. Suppose 0 = p*j + c - 3*c - 224, -4*c = 2*j - 230. Is j prime?
True
Suppose -1957 = 3*j - 7318. Is j/8 - (-6)/(-16) a prime number?
True
Is 2*(54235/10 - 3) prime?
False
Suppose 5*u - 2905 = -5*j, -u + j = 4*j - 577. Let t = u + -1030. Let a = t + 634. Is a prime?
False
Suppose 6*f - 13360 = -2*f. Suppose 0 = -2*g + m - 5*m + f, -15 = 5*m. Is g prime?
False
Let o(j) = -2873*j - 889. Is o(-6) a prime number?
True
Suppose 5*f + 380 = 24*f. Suppose -3 = -4*d + 3*d. Suppose -g = -f - d. Is g composite?
False
Suppose 3*s + 3*i = 5*s - 2723, 1362 = s - i. Is s a prime number?
False
Suppose -3*v - 3 = 0, 0 = k - 3*v + 3 - 6. Suppose 4*o = 2*w + 316, k = 2*o - 0*o + 2*w - 158. Is o a prime number?
True
Let m = -11 - -46. Suppose -h = 3*d + m, 2*h - h + 2*d + 40 = 0. Let i = 357 + h. Is i a prime number?
True
Let x = -7165 + 17720. Is x a composite number?
True
Suppose o - 16 = y, -44 = -3*o - o - y. Suppose -o = -3*n, 4*u - 4*n = 1527 + 21. Is u composite?
True
Let m(a) = -15*a**3 - a**2 - 1. Let u be m(-2). Suppose b - u = 238. Is b composite?
False
Let x(v) = 2*v**2 - 11*v + 2. Let c be (1 - 23) + (-2 - -5). Is x(c) a composite number?
True
Let f be 2744/10 + (-35)/25 + 1. Suppose -4*v - f = -2*u, -498 = -4*u - v - v. Is u a composite number?
False
Let w = 5 - 0. Is (-2)/(-1) - (-3498 - w) a composite number?
True
Is 272190/(-4 + 10) - (11 - 7) a composite number?
False
Is (223/(-3))/((-2)/6) composite?
False
Let x(k) = k**2 - k + 815. Let v be (0 - 0)*(0 - -1). Is x(v) a composite number?
True
Suppose -11*a + 14*a = 10671. Is a prime?
True
Let l be (-1)/(-3)*(3 + 6). Suppose 3*h + 6 = 0, -l*h + 6 = 3*k - 6*h. Suppose 0 = a - 4*m - 699, k = -2*m - 2*m + 20. Is a a composite number?
False
Let h = 20 + -6. Let g(q) = 49*q - 19. Is g(h) a composite number?
True
Let h be (2/6)/(1/6). Let q be 162/(-8) + h/8. Is (-10)/(-1)*(-30)/q a composite number?
True
Let n(y) = -266*y - 3. Let r(a) = -267*a - 2. Let l(s) = 3*n(s) - 4*r(s). Let v be l(5). Suppose 5*b = b - 3*w + v, 4*b = w + 1337. Is b composite?
True
Let d be (-46)/(-11) + (-4)/22. Is (d - 5) + 544 - 2 composite?
False
Let o = -4456 + 25644. Suppose -130332 = -8*i - o. Is i composite?
True
Suppose 70*c - 60775 = 67*c - 4*r, -4*c = -3*r - 81025. Is c prime?
False
Suppose 5*q - 12775 = 5930. Let k = q - 2084. Is k a prime number?
True
Let a(s) = -68*s - 113. Is a(-15) a composite number?
False
Let d(f) = 37*f**2 - 57*f - 17. Is d(-16) a prime number?
False
Let o(a) be the third derivative of a**6/60 + 11*a**5/60 - a**4/4 + 5*a**3/3 + 3*a**2. Is o(7) prime?
True
Suppose 0 = -17*n - 3*n + 5860. Is n a prime number?
True
Let f = 14855 + -9684. Is f a prime number?
True
Suppose -5*r = -11*r + 16788. Is r prime?
False
Suppose -7*t = -5 - 9. Suppose -5*m - t*i + 2645 = -5*i, -m + 529 = -i. Is m prime?
False
Suppose 0*g + 248 = -2*g. Let i = 587 + -332. Let u = g + i. Is u prime?
True
Let b = 6501 - 3845. Let n = b + 175. Is n composite?
True
Let y(k) = 3*k**2 - 1 + 82*k + 0 - 84*k + 66*k**3. Is y(2) a composite number?
True
Suppose 0 = -15*w - 2*w + 476. Let l(z) = 10*z - 6. Is l(w) composite?
True
Let b be 3/4 - 46/8. Let m be 4/(3/(-1) - b). Suppose 3*a + 2*t = 3*t + 287, -4*a = -m*t - 384. Is a composite?
True
Suppose 6 = -0*m - 3*m. Is 7 - 6 - (-156 + m) prime?
False
Let o(p) = 42*p**2 + 31*p + 7. Is o(24) a composite number?
False
Let d(p) = -p**2 + 10*p - 7. Let u be d(7). Suppose 12*h + 4 = u*h. Suppose -3*b + 2*q - 1695 = -6*b, 0 = h*q. Is b prime?
False
Suppose -3*u + 264 = -u + d, -3*d = 5*u - 662. Suppose 23 = 3*q + 2*i + 2*i, 0 = 5*q + 3*i - 31. Suppose -q*k + u = -3*k. Is k a prime number?
False
Let t be 0 + -3 + 12/4. Let g(q) = -q**2 - q + 617. Let w be g(t). Suppose 2*c = 2155 - w. Is c composite?
False
Suppose -3*j - 9 = -5*f - 32, -j = 5*f - 1. Suppose -6 = 4*c + j. Is (-3351)/c*(-3 + 4) a prime number?
True
Suppose -73704 = 45*s - 69*s. Is s composite?
True
Suppose i = -5*i + 6. Let x(u) = 6*u**2 - u + 1. Let q be x(i). Is q/4*(-92)/(-3) prime?
False
Let c be 3/(6/38) - 0. Suppose 23 - c = 2*i. Suppose 0*n + 255 = 2*n - t, i*t + 383 = 3*n. Is n a prime number?
True
Suppose -8*t = -78293 - 17443. Is t a composite number?
True
Is 85/(-34) - 13779/(-2) a prime number?
False
Is 4604*(-10)/48*-6 a prime number?
False
Suppose -33*a - 4*t = -36*a + 59035, -4*a + 78718 = -3*t. Is a a prime number?
True
Let m(k) = -20*k**3 - k - 1. Is m(-7) prime?
False
Let s(v) = -v**3 + 8*v**2 + 3*v + 4. Let c be s(7). Suppose -b = -3*k + 846 - c, -k - 5*b = -284. Is k a prime number?
False
Let b be (-3 - 111/(-9))*(-6 + 765). Suppose -2*p = -b - 20214. Is p composite?
False
Suppose -t + 7179 = 2*o, 0 = 31*t - 36*t - 2*o + 35927. Is t a prime number?
True
Let b(v) = -2*v - 7. Let g be b(-5). Suppose 5*o = -g*d - 154, 3*o + 155 = -3*d - o. Let s = 159 + d. Is s prime?
False
Let j be 1 - (-1 + 77*-2). Suppose -4*i - 397 = -4*v + 2847, -5*i = 25. Suppose -y - v = -5*h, h = -2*y + j + 3. Is h prime?
False
Suppose 5*z - 12 = 8, -3*o = -z - 8. Suppose 185 = o*i + f - 321, 3*f = -i + 121. Is i a composite number?
False
Let w be (63/12)/(5/4)*115. Let z = 9 - 5. Suppose -z*t = -t - w. Is t composite?
True
Suppose 0 = 4*q + 3*z - 26771, -3*q + 20097 = -0*q - 4*z. Suppose 0 = -35*k + 30*k + q. Is (0 + 5)/(13/k) a prime number?
False
Let o be -1 + (0 - 0 - -4). Is (o/15)/(3/15915) a composite number?
False
Suppose -3*s = h - 5, -4*s + 5*h + 14 = 1. Is 163 + 4 + (-2 - s) a prime number?
True
Suppose -3*k = 3*i - 156, -3*i + 0*i + 188 = -5*k. Let s be 1/(1/i)*-2. Let m = s - -186. Is m composite?
True
Suppose 3*d - 178 - 14 = 0. Let n = d - -229. Is n prime?
True
Suppose 6*c + 821 = 7*c. Is c a prime number?
True
Let a = -3889 - -6348. Is a composite?
False
Suppose 3*t + 14 = -2*m + 6, -m + 14 = -3*t. Let i = t + 4. Suppose i = -f - 34 + 99. Is f prime?
False
Let c = -2 + -73. Let z = c + 202. Is z composite?
False
Suppose 0*f + 3*f + 4*g = -6, 0 = 4*g + 12. Suppose -4*r + 1590 = f*r. Is r a prime number?
False
Let j(u) = -1390*u - 7. Let l be j(-1). Let m = l + -802. Is m composite?
True
Let y be 2798/5 + 4/10. Suppose 6*u - y = u. Suppose -4*b - 2*m + u = -40, -164 = -4*b + 4*m. Is b prime?
False
Is 163067/58*(1 + 1) prime?
True
Suppose -5*j + 49 + 66 = 0. Suppose -2*w + j = -155. Is w prime?
True
Let l(w) = -w**2 - 14*w + 13. Let j be l(-15). Is ((-6391)/(-28))/(j/(-8)) a composite number?
True
Suppose -3*a + 6052 = a. Is 1*(-2 + a/1) prime?
True
Let a(h) = -h**3 - 20*h**2 + 3*h + 10. Let z be a(-20). Let k = 211 + z. Is k prime?
False
Suppose -d + 2703 = 2*u, 0 = 5*u - 0*u + d - 6762. Suppose 0*p + 2*p = -i + 887, 3*p - 3*i - u = 0. Is p prime?
False
Suppose -4*b - 5*n + 41612 = -11745, -3*n = 4*b - 53347. Is b a prime number?
False
Let h(m) = m**3 + 13*m**2 - 21*m - 43. Is h(-14) a prime number?
False
Suppose 92957 = -8*m + 13*m - 2*a, 5*m = 3*a + 92958. Is m a composite number?
True
Let q(o) = 2557*o - 18. Is q(7) prime?
True
Suppose 2*p - 5*j + 19 = -6, p = -3*j - 18. Is 1/(-3) + (-5915)/p composite?
True
Is (74917/76)/((-1)/(-4)) a prime number?
True
Suppose 2*m - 137 + 493 = 0. Let a = 471 + m. Is a a prime number?
True
Suppose -4525 = -2*w - 165. Let i = w - 1527. Suppose -c + 136 = 2*d + 3*d, -5*c + i = -2*d. Is c prime?
True
Let v(g) = -4*g - 